{"id":20,"date":"2019-06-16T09:16:51","date_gmt":"2019-06-16T09:16:51","guid":{"rendered":"http:\/\/betreuungsverein-birkenfeld.de\/?page_id=20"},"modified":"2026-01-22T10:05:47","modified_gmt":"2026-01-22T10:05:47","slug":"ehrenamt","status":"publish","type":"page","link":"https:\/\/www.betreuungsverein-birkenfeld.de\/?page_id=20","title":{"rendered":"Ehrenamt"},"content":{"rendered":"\n<p>Sehr geehrte Betreuerinnen, sehr geehrte Betreuer, <\/p>\n\n\n\n<p>Sie haben ein wichtiges Ehrenamt \u00fcbernommen &#8211; Sie sind gerichtlich bestellte Betreuerin \/ gerichtlich bestellter  Betreuer  Ihres  Angeh\u00f6rigen,  Freundes,  Nachbarn,  Bekannten  oder  eines  anderen  Mitb\u00fcrgers,  der  Hilfe  ben\u00f6tigt.  Damit  ist  Ihnen  die  verantwortungsvolle  Aufgabe  \u00fcbertragen,  diesen Menschen auf seinem Lebensweg  zu  begleiten und ihn dabei  zu unterst\u00fctzen,  wo es ihm aufgrund von Alter, Erkrankung oder Behinderung nicht mehr gelingt, seine pers\u00f6nlichen Angelegenheiten ganz oder teilweise selbst zu regeln.  <\/p>\n\n\n\n<p>Zu unseren Aufgaben als Betreuungsvereine geh\u00f6rt es unter anderem, Ihnen bei der Aus\u00fcbung Ihres <br>Ehrenamtes zur Seite zu stehen.  <\/p>\n\n\n\n<p>Wir bieten Ihnen:  <\/p>\n\n\n\n<p>\u2022  Einf\u00fchrung in Ihre Aufgaben <br>\n\u2022  Informationsabende <br>\n\u2022  Beratung und Unterst\u00fctzung <br>\n\u2022  M\u00f6glichkeit zum Erfahrungsaustausch <br>\n\u2022  Hilfe in Problemsituationen <br>\n\u2022  Fort- und Weiterbildungsveranstaltungen <\/p>\n\n\n\n<p>Wenn Sie Information, Beratung und Unterst\u00fctzung ben\u00f6tigen, so wenden Sie sich bitte an   <\/p>\n\n\n\n<p>Betreuungsverein der Arbeiterwohlfahrt <br> Hauptstra\u00dfe 531 <br> 55743 Idar-Oberstein <br> Tel.: 06781-667421 <br> E-Mail:  betreuungsverein@awo-birkenfeld.de <br> Ansprechpartner: Christoph \u00dcbersch\u00e4r <\/p>\n\n\n\n<p>Betreuungsverein Perspektive plus e. V.<br>Wilhelmstr. 25<br>55743 Idar-Oberstein<br>Tel.: 06781-4572818<br>E-Mail: info@bv -perspektiveplus.de<br>www.skm-bistum-trier.de <br>Ansprechpartner: Simon W\u00f6lbitsch<\/p>\n\n\n\n<p><\/p>\n\n\n\n<p>Caritasverband Rhein-Hunsr\u00fcck-Nahe e.V.  &#8211; Betreuungsverein &#8211; <br> Friedrichstrasse 1 <br> 55743 Idar-Oberstein <br> Tel.: 06781-509900  <br> E-Mail:   U.Gutendorf@caritas-rhn.de <br> Ansprechpartnerin: Ute Gutendorf<\/p>\n","protected":false},"excerpt":{"rendered":"<div class=\"mh-excerpt\"><p>Sehr geehrte Betreuerinnen, sehr geehrte Betreuer, Sie haben ein wichtiges Ehrenamt \u00fcbernommen &#8211; Sie sind gerichtlich bestellte Betreuerin \/ gerichtlich bestellter Betreuer Ihres Angeh\u00f6rigen, Freundes, <a class=\"mh-excerpt-more\" href=\"https:\/\/www.betreuungsverein-birkenfeld.de\/?page_id=20\" title=\"Ehrenamt\">[&#8230;]<\/a><\/p>\n<\/div>","protected":false},"author":1,"featured_media":0,"parent":0,"menu_order":0,"comment_status":"closed","ping_status":"closed","template":"","meta":[],"_links":{"self":[{"href":"https:\/\/www.betreuungsverein-birkenfeld.de\/index.php?rest_route=\/wp\/v2\/pages\/20"}],"collection":[{"href":"https:\/\/www.betreuungsverein-birkenfeld.de\/index.php?rest_route=\/wp\/v2\/pages"}],"about":[{"href":"https:\/\/www.betreuungsverein-birkenfeld.de\/index.php?rest_route=\/wp\/v2\/types\/page"}],"author":[{"embeddable":true,"href":"https:\/\/www.betreuungsverein-birkenfeld.de\/index.php?rest_route=\/wp\/v2\/users\/1"}],"replies":[{"embeddable":true,"href":"https:\/\/www.betreuungsverein-birkenfeld.de\/index.php?rest_route=%2Fwp%2Fv2%2Fcomments&post=20"}],"version-history":[{"count":9,"href":"https:\/\/www.betreuungsverein-birkenfeld.de\/index.php?rest_route=\/wp\/v2\/pages\/20\/revisions"}],"predecessor-version":[{"id":305,"href":"https:\/\/www.betreuungsverein-birkenfeld.de\/index.php?rest_route=\/wp\/v2\/pages\/20\/revisions\/305"}],"wp:attachment":[{"href":"https:\/\/www.betreuungsverein-birkenfeld.de\/index.php?rest_route=%2Fwp%2Fv2%2Fmedia&parent=20"}],"curies":[{"name":"wp","href":"https:\/\/api.w.org\/{rel}","templated":true}]}}